e -3*l + 4 = 5*p + 69, j*p + 52 = 4*l. What is the units digit of n(p)?
3
Let b(d) = -10*d + 72. Let x be b(7). What is the tens digit of (-3 - 17896/(-40)) + x/(-5)?
4
Suppose r + 31 - 35 = 0. Suppose 1 = m, -x + 0*x + r*m = -588. What is the units digit of x?
2
Suppose 0 = 422*b - 423*b + 581. Suppose h = 5*f + b, -6*h - f = -4*h - 1162. What is the units digit of h?
1
Let l(c) = 52*c**2 + 917*c - 42. What is the ten thousands digit of l(10)?
1
Suppose -5*s + 8 + 27 = 5*v, -9 = -3*s. Suppose -v*k = -5*m - 3581 + 568, 2*m + 751 = k. What is the tens digit of k?
5
Suppose l - 13456 = -2*r, -17*l + 13*l + 53828 = 4*r. What is the thousands digit of l?
3
Suppose -6*u + 10*u - 12 = -4*j, -3*u + 9 = 0. Suppose -18*c + 23*c - 660 = j. What is the units digit of c?
2
Let u = -15826 - -66431. What is the hundreds digit of u?
6
Let r(c) = c**2 + 12*c + 12. Let u be r(-10). Let o be u/(-20) + (0 - (-99)/15). Suppose 12*q - o*q - 435 = 0. What is the tens digit of q?
8
Let f be (-2)/(-5) + (-7)/5. Let k(h) be the first derivative of -15*h**2 + 2*h + 7. What is the tens digit of k(f)?
3
Suppose -13 = -3*l + v, -2*l + 3 = -l + v. Let t be l/(-16) - (-45)/4. Suppose t*f + 42 = 14*f. What is the units digit of f?
4
Suppose 43 = 5*i + 18. Suppose -i*v + 0*h = -3*h - 2370, 2*h = 3*v - 1421. What is the units digit of v?
7
Let f be (-36)/(-8)*(-40)/(-6). Let y(o) = -7*o + f - 6*o - 12*o + 27*o. What is the units digit of y(-14)?
2
Suppose -2*w + 3*q = -4449, 4*q = w + 161 - 2398. Suppose -z = -3*r + w - 744, -z + 3 = 0. What is the tens digit of r?
9
Let t be ((-1086)/(-4))/((-1)/2). Let w = 1032 + t. What is the units digit of w?
9
Suppose t - 2*c + 2184 = 0, t + 27*c = 23*c - 2166. Let d = t - -3791. What is the thousands digit of d?
1
Let v = -801 + 942. Let s(u) = -2*u - 1. Let j be s(-2). Suppose -j*p = -0*p - v. What is the units digit of p?
7
Suppose -13*c + 18*c - 6500 = 0. Suppose -8*j = -2012 - c. What is the tens digit of j?
1
Suppose 3*y + 37 + 98 = 0. Let j = y - 51. Let d = -48 - j. What is the units digit of d?
8
What is the ten thousands digit of (-297808)/(-10) - (208/10 + -22)?
2
Suppose 315*h - 317*h - r = -22347, h - 11181 = -2*r. What is the units digit of h?
1
Let z(f) = -5*f - 40. Let a be z(-9). Suppose -a*u - 2070 = -5*n, -3*u - 2*u = 3*n - 1218. What is the tens digit of n?
1
Suppose 2097*p - 2122*p = -49275. What is the tens digit of p?
7
Suppose 7*j = -39*j + 13*j + 513942. What is the hundreds digit of j?
5
Suppose -4*k = -3*y - 2*k + 33, 4*y = -k + 44. Suppose 5*j - 1063 = -4*l, -y*l - 850 = -4*j - 14*l. What is the tens digit of j?
1
Let a = -79 - -104. Suppose 5*d = a*d - 26860. What is the thousands digit of d?
1
Let a = 59 + -156. Let u = a + 97. Suppose -k + y + 110 = u, k = 6*k + 4*y - 514. What is the tens digit of k?
0
Suppose 0 = 12*k - 5*k - 91. Suppose 3*v - 2*w - k = 2*v, -2*v + 21 = -3*w. Suppose v*r + 0*h - 91 = -h, -5*r = 2*h - 150. What is the units digit of r?
2
Let u(l) = 7*l**2 + 9*l - 17 + 16 + 0*l**2 - 26 - 2*l**2. What is the units digit of u(7)?
1
Let q = 47888 - 23858. What is the hundreds digit of q?
0
Suppose -160*t + 35025 = -155*t + 4*q, 3*t - 21002 = -5*q. What is the hundreds digit of t?
0
Let h be (3 + -2)*(-5 - -2). Let g(l) = -2*l**3 + 3*l**2 + l + 5. What is the tens digit of g(h)?
8
Suppose 0 = 185*k - 196*k + 143198. What is the units digit of k?
8
Let d(y) = 5*y + 1. Suppose -5*t = 0, -6 = 3*r - 2*t + 5*t. Let s be d(r). What is the units digit of (6 - (-104)/(-18)) + (-745)/s?
3
Suppose 0 = -81*j + 119*j - 313248 - 382684. What is the thousands digit of j?
8
Suppose 66*l = 62*l + 2*x + 312, -2*x + 78 = l. Let r(c) = 164*c. Let q be r(1). Let v = q - l. What is the units digit of v?
6
Let n = -23978 + 45855. What is the thousands digit of n?
1
Suppose 20 = 4*t, -5*t = 3*q - 2*q - 22. Let o be q + -1 + (-7)/(-1). Suppose -4*g - 10 = -3*s - 291, 0 = o*s - 15. What is the tens digit of g?
7
Suppose 0 = -4*u - 4*l + 1944, 1117 = 5*u - 4*l - 1295. Let p = 1020 - u. What is the units digit of p?
6
Let t(f) = 4*f**2 + 11*f + 7. Let g be t(-3). Suppose 12 = -16*r + g*r. What is the units digit of (-1446)/(-4)*r/(-3)?
1
What is the thousands digit of (-404)/(-1515) + (-470902)/(-30)?
5
Suppose 0 = -4*m + 7*m - 15. Let b(g) = g**2 - 11. Let y be b(m). Suppose y = 2*k - 34. What is the tens digit of k?
2
Suppose d - 30659 - 14292 = -5*n, n + 134725 = 3*d. What is the units digit of d?
1
Let s = 222 - 779. Let g = s - -1662. What is the hundreds digit of g?
1
Let h(r) = -3*r - 19. Let p be h(-7). Let l = p - 0. Suppose -4*d = -l*d - 132. What is the tens digit of d?
6
Let v be 25/((-2750)/1276)*(-20 + 0). Suppose -894 = 5*m - 84. Let o = m + v. What is the units digit of o?
0
What is the thousands digit of (10/(-40))/(3/(-60108))?
5
What is the hundreds digit of (338/(-78))/(-13)*(164164 + 2)?
7
Let s be 2*(6822/20 - (-42)/105). Let x = s - 432. What is the hundreds digit of x?
2
Let h = 412 + -1971. Let t = -901 - h. What is the units digit of t?
8
Let n(k) = -2*k**3 + 3*k**2 + 29. Let x be n(-4). Suppose -x = -2*m + 809. What is the hundreds digit of m?
5
Suppose 20 = -l + 26. Suppose -2*q + s + 6 = 0, s + l = 4*s. Let m(u) = 12*u**2 + 6*u - 2. What is the hundreds digit of m(q)?
2
What is the units digit of (-9)/(-2)*45/405*103634?
7
Let p(j) = -1686*j - 339. What is the ten thousands digit of p(-9)?
1
What is the units digit of 6903/(9/81*9)?
3
Suppose -2*z - 30979 = -3*b, 5*b + 5*z + 2803 = 54443. What is the tens digit of b?
2
Suppose 7*b + 72858 = 6*v + 9*b, v + 2*b = 12143. What is the ten thousands digit of v?
1
Let x = 4039 + -2785. Let g = -883 + x. What is the hundreds digit of g?
3
Let d = -170 - -320. Suppose -4*o - d = -9*o. Suppose n - r = 3*r + 3, n + 5*r = o. What is the units digit of n?
5
What is the thousands digit of (1/(-2))/((-102)/1821516)?
8
Suppose 2*z = 4*z - 862. Let l = -190 + z. Suppose 0 = -3*m - 9, m = -4*k - 0*m + l. What is the tens digit of k?
6
Let x = 63 + -26. Let w(i) = -34*i - 159. Let h be w(-5). Let l = x + h. What is the tens digit of l?
4
Suppose 78*t - 83*t - q = -264279, 5*t - q - 264281 = 0. What is the units digit of t?
6
Let y(k) = -3*k + 10. Let w be y(5). Let c be 111*(-6)/45*w. Let n = -7 + c. What is the units digit of n?
7
Let o be (-1 - -6) + (-3249)/9. What is the units digit of (-10 + 17/2)*o/6?
9
Let o(f) = 97*f - 3. Suppose 4*l = -4*a + 8, l + 2*l - 3*a = -12. Let j(u) = -u + 1. Let g(p) = l*o(p) - 5*j(p). What is the tens digit of g(-1)?
9
Let y(f) = -8*f + 29. Let s be -5 + (7 - 4)/(-3). Let r(d) = d**2 + 6*d - 11. Let z be r(s). What is the units digit of y(z)?
7
Let y be (-8)/(-6)*(-690)/(-40). Suppose h = 3*g + 4*h - 147, h + 51 = g. Let j = g - y. What is the tens digit of j?
2
Let j = 5077 + -1213. What is the tens digit of ((-1)/(-2))/(((-54)/j)/(-9))?
2
Let m(y) = 28935*y**2 - 616*y - 617. What is the ten thousands digit of m(-1)?
2
Let a be (-6*3/(-3))/((-6)/(-4)). Suppose -4*v = -0*b + a*b - 32, -5*v = -b - 22. Suppose 265 = 3*y + 2*p, -b = 3*p - 0*p. What is the tens digit of y?
8
Suppose -2*m + 41 = -3*f, m + 2*m = 3*f + 54. Let o = m + -14. Let z(q) = -114*q - 3. What is the tens digit of z(o)?
1
Let j(r) = r**2 - 19*r - 8. Let a be j(9). Let l be 28/a - (-1222)/14. Suppose 2*o + o - l = 0. What is the tens digit of o?
2
Let w = -8 - -13. Suppose -15 = w*i, u + i + 1101 = 4*u. Suppose -2*o + u = o. What is the tens digit of o?
2
Let n(t) = -6*t**2 + 542*t - 64. What is the hundreds digit of n(19)?
0
Suppose 2*x - 4*j = -9*j + 1081, 5*j - 25 = 0. Suppose 1632 = 6*z - 3*z + w, -z + x = -5*w. What is the tens digit of z?
4
Suppose -384 = -2*d + 186. Suppose 4*x - 2*v - 704 = 0, -4*v + 265 + d = 3*x. What is the hundreds digit of x?
1
Let b = 61 + 9. Suppose 0 = 3*f + 4*f - b. Suppose -f*c + 244 + 296 = 0. What is the units digit of c?
4
Suppose m - 5*r = 4674, 2*r + 17634 = 4*m - 1170. What is the hundreds digit of m?
7
Suppose -614 = -2*l + 3*h, 4*h = 5*l + 2*h - 1513. Suppose -l*a + 310 = -296*a. What is the tens digit of a?
6
Let n = 298 - 302. Let v(g) = -166*g + 91. What is the hundreds digit of v(n)?
7
Let r(d) = 3*d**3 - 14*d**2 + 31*d + 70. What is the units digit of r(14)?
2
Suppose 5*n - 6*n - 50 = 0. Let h = n - -48. Let